{"id":14834,"date":"2024-09-04T09:06:27","date_gmt":"2024-09-04T07:06:27","guid":{"rendered":"https:\/\/bonsolis.cat\/producto\/pate-de-tapenade-dolives-empeltre-mas-dels-castellans\/"},"modified":"2026-07-15T18:56:51","modified_gmt":"2026-07-15T16:56:51","slug":"pate-de-tapenade-dolives-empeltre-mas-dels-castellans","status":"publish","type":"product","link":"https:\/\/bonsolis.cat\/fr\/producto\/pate-de-tapenade-dolives-empeltre-mas-dels-castellans\/","title":{"rendered":"P\u00e2t\u00e9 de tapenade d&#8217;olives EMPELTRE MAS DELS CASTELLANS"},"content":{"rendered":"<!DOCTYPE html PUBLIC \"-\/\/W3C\/\/DTD HTML 4.0 Transitional\/\/EN\" \"http:\/\/www.w3.org\/TR\/REC-html40\/loose.dtd\">\n<?xml encoding=\"utf-8\" ?><?xml encoding=\"utf-8\" ?><html><body><p class=\"ai-optimize-16\">Chez Bons Olis &agrave; Barcelona, retrouvez le P&acirc;t&eacute; de tapenade d&rsquo;olives EMPELTRE MAS DELS CASTELLANS Calaceite &ndash; Teruel &ndash; Arag&oacute;n Bocal en verre 150g<\/p>\n<p class=\"ai-optimize-17\"><a href=\"https:\/\/bonsolis.cat\/fr\/\">Home<\/a><\/p>\n<\/body><\/html>\n","protected":false},"excerpt":{"rendered":"<p class=\"ai-optimize-14 ai-optimize-introduction\">Chez Bons Olis \u00e0 Barcelona, retrouvez le P\u00e2t\u00e9 de tapenade d&#8217;olives EMPELTRE MAS DELS CASTELLANS Calaceite &#8211; Teruel &#8211; Arag\u00f3n Bocal en verre 150g<\/p>\n","protected":false},"featured_media":14835,"comment_status":"open","ping_status":"closed","template":"","meta":{"inline_featured_image":false},"product_brand":[766],"product_cat":[790,796,794,795,817,820],"product_tag":[],"class_list":{"0":"post-14834","1":"product","2":"type-product","3":"status-publish","4":"has-post-thumbnail","6":"product_brand-mas-dels-castellans","7":"product_cat-bouteille-en-verre","8":"product_cat-calaceite","9":"product_cat-empeltre","10":"product_cat-matarrana","11":"product_cat-pates-de-tapenade-dolives","12":"product_cat-produits-gourmets-derives-de-lolive-et-de-lhuile","14":"first","15":"instock","16":"sold-individually","17":"taxable","18":"shipping-taxable","19":"purchasable","20":"product-type-simple"},"yoast_head":"<!-- This site is optimized with the Yoast SEO Premium plugin v25.2 (Yoast SEO v28.2) - https:\/\/yoast.com\/product\/yoast-seo-premium-wordpress\/ -->\n<title>P\u00e2t\u00e9 de tapenade d&#039;olives EMPELTRE MAS DELS CASTELLANS - bonsolis<\/title>\n<meta name=\"description\" content=\"Chez\u3010 Bons Olis \u3011\u00e0 Barcelona, retrouvez en ligne du p\u00e2t\u00e9 de tapenade d&#039;olives noires prime \u27a1\ufe0f D\u00e9couvrez notre p\u00e2t\u00e9 d&#039;olives du Matarra\u00f1a, Calaceite, Arag\u00f3n.\" \/>\n<meta name=\"robots\" content=\"index, follow, max-snippet:-1, max-image-preview:large, max-video-preview:-1\" \/>\n<link rel=\"canonical\" href=\"https:\/\/bonsolis.cat\/fr\/producto\/pate-de-tapenade-dolives-empeltre-mas-dels-castellans\/\" \/>\n<meta property=\"og:locale\" content=\"fr_FR\" \/>\n<meta property=\"og:type\" content=\"article\" \/>\n<meta property=\"og:title\" content=\"P\u00e2t\u00e9 de tapenade d&#039;olives EMPELTRE MAS DELS CASTELLANS\" \/>\n<meta property=\"og:description\" content=\"Chez\u3010 Bons Olis \u3011\u00e0 Barcelona, retrouvez en ligne du p\u00e2t\u00e9 de tapenade d&#039;olives noires prime \u27a1\ufe0f D\u00e9couvrez notre p\u00e2t\u00e9 d&#039;olives du Matarra\u00f1a, Calaceite, Arag\u00f3n.\" \/>\n<meta property=\"og:url\" content=\"https:\/\/bonsolis.cat\/fr\/producto\/pate-de-tapenade-dolives-empeltre-mas-dels-castellans\/\" \/>\n<meta property=\"og:site_name\" content=\"bonsolis\" \/>\n<meta property=\"article:modified_time\" content=\"2026-07-15T16:56:51+00:00\" \/>\n<meta property=\"og:image\" content=\"https:\/\/bonsolis.cat\/wp-content\/uploads\/2024\/09\/Pate-negro-de-EMPELTRE.jpg\" \/>\n\t<meta property=\"og:image:width\" content=\"1500\" \/>\n\t<meta property=\"og:image:height\" content=\"1500\" \/>\n\t<meta property=\"og:image:type\" content=\"image\/jpeg\" \/>\n<meta name=\"twitter:card\" content=\"summary_large_image\" \/>\n<meta name=\"twitter:label1\" content=\"Dur\u00e9e de lecture estim\u00e9e\" \/>\n\t<meta name=\"twitter:data1\" content=\"1 minute\" \/>\n<!-- \/ Yoast SEO Premium plugin. -->","yoast_head_json":{"title":"P\u00e2t\u00e9 de tapenade d'olives EMPELTRE MAS DELS CASTELLANS - bonsolis","description":"Chez\u3010 Bons Olis \u3011\u00e0 Barcelona, retrouvez en ligne du p\u00e2t\u00e9 de tapenade d'olives noires prime \u27a1\ufe0f D\u00e9couvrez notre p\u00e2t\u00e9 d'olives du Matarra\u00f1a, Calaceite, Arag\u00f3n.","robots":{"index":"index","follow":"follow","max-snippet":"max-snippet:-1","max-image-preview":"max-image-preview:large","max-video-preview":"max-video-preview:-1"},"canonical":"https:\/\/bonsolis.cat\/fr\/producto\/pate-de-tapenade-dolives-empeltre-mas-dels-castellans\/","og_locale":"fr_FR","og_type":"article","og_title":"P\u00e2t\u00e9 de tapenade d'olives EMPELTRE MAS DELS CASTELLANS","og_description":"Chez\u3010 Bons Olis \u3011\u00e0 Barcelona, retrouvez en ligne du p\u00e2t\u00e9 de tapenade d'olives noires prime \u27a1\ufe0f D\u00e9couvrez notre p\u00e2t\u00e9 d'olives du Matarra\u00f1a, Calaceite, Arag\u00f3n.","og_url":"https:\/\/bonsolis.cat\/fr\/producto\/pate-de-tapenade-dolives-empeltre-mas-dels-castellans\/","og_site_name":"bonsolis","article_modified_time":"2026-07-15T16:56:51+00:00","og_image":[{"width":1500,"height":1500,"url":"https:\/\/bonsolis.cat\/wp-content\/uploads\/2024\/09\/Pate-negro-de-EMPELTRE.jpg","type":"image\/jpeg"}],"twitter_card":"summary_large_image","twitter_misc":{"Dur\u00e9e de lecture estim\u00e9e":"1 minute"},"schema":{"@context":"https:\/\/schema.org","@graph":[{"@type":"WebPage","@id":"https:\/\/bonsolis.cat\/fr\/producto\/pate-de-tapenade-dolives-empeltre-mas-dels-castellans\/","url":"https:\/\/bonsolis.cat\/fr\/producto\/pate-de-tapenade-dolives-empeltre-mas-dels-castellans\/","name":"P\u00e2t\u00e9 de tapenade d'olives EMPELTRE MAS DELS CASTELLANS - bonsolis","isPartOf":{"@id":"https:\/\/bonsolis.cat\/fr\/#website"},"primaryImageOfPage":{"@id":"https:\/\/bonsolis.cat\/fr\/producto\/pate-de-tapenade-dolives-empeltre-mas-dels-castellans\/#primaryimage"},"image":{"@id":"https:\/\/bonsolis.cat\/fr\/producto\/pate-de-tapenade-dolives-empeltre-mas-dels-castellans\/#primaryimage"},"thumbnailUrl":"https:\/\/bonsolis.cat\/wp-content\/uploads\/2024\/09\/Pate-negro-de-EMPELTRE.jpg","datePublished":"2024-09-04T07:06:27+00:00","dateModified":"2026-07-15T16:56:51+00:00","description":"Chez\u3010 Bons Olis \u3011\u00e0 Barcelona, retrouvez en ligne du p\u00e2t\u00e9 de tapenade d'olives noires prime \u27a1\ufe0f D\u00e9couvrez notre p\u00e2t\u00e9 d'olives du Matarra\u00f1a, Calaceite, Arag\u00f3n.","breadcrumb":{"@id":"https:\/\/bonsolis.cat\/fr\/producto\/pate-de-tapenade-dolives-empeltre-mas-dels-castellans\/#breadcrumb"},"inLanguage":"fr-FR","potentialAction":[{"@type":"ReadAction","target":["https:\/\/bonsolis.cat\/fr\/producto\/pate-de-tapenade-dolives-empeltre-mas-dels-castellans\/"]}]},{"@type":"ImageObject","inLanguage":"fr-FR","@id":"https:\/\/bonsolis.cat\/fr\/producto\/pate-de-tapenade-dolives-empeltre-mas-dels-castellans\/#primaryimage","url":"https:\/\/bonsolis.cat\/wp-content\/uploads\/2024\/09\/Pate-negro-de-EMPELTRE.jpg","contentUrl":"https:\/\/bonsolis.cat\/wp-content\/uploads\/2024\/09\/Pate-negro-de-EMPELTRE.jpg","width":1500,"height":1500,"caption":"P\u00e2t\u00e9 de tapenade d'olives noires EMPELTRE MAS DELS CASTELLANS Calaceite Arag\u00f3n Bons Olis"},{"@type":"BreadcrumbList","@id":"https:\/\/bonsolis.cat\/fr\/producto\/pate-de-tapenade-dolives-empeltre-mas-dels-castellans\/#breadcrumb","itemListElement":[{"@type":"ListItem","position":1,"name":"Inicio","item":"https:\/\/bonsolis.cat\/fr\/"},{"@type":"ListItem","position":2,"name":"Magasin","item":"https:\/\/bonsolis.cat\/fr\/tienda\/"},{"@type":"ListItem","position":3,"name":"P\u00e2t\u00e9 de tapenade d&#8217;olives EMPELTRE MAS DELS CASTELLANS"}]},{"@type":"WebSite","@id":"https:\/\/bonsolis.cat\/fr\/#website","url":"https:\/\/bonsolis.cat\/fr\/","name":"bonsolis","description":"","publisher":{"@id":"https:\/\/bonsolis.cat\/fr\/#organization"},"potentialAction":[{"@type":"SearchAction","target":{"@type":"EntryPoint","urlTemplate":"https:\/\/bonsolis.cat\/fr\/?s={search_term_string}"},"query-input":{"@type":"PropertyValueSpecification","valueRequired":true,"valueName":"search_term_string"}}],"inLanguage":"fr-FR"},{"@type":"Organization","@id":"https:\/\/bonsolis.cat\/fr\/#organization","name":"bonsolis","url":"https:\/\/bonsolis.cat\/fr\/","logo":{"@type":"ImageObject","inLanguage":"fr-FR","@id":"https:\/\/bonsolis.cat\/fr\/#\/schema\/logo\/image\/","url":"https:\/\/bonsolis.cat\/wp-content\/uploads\/2024\/08\/bonsolis.svg","contentUrl":"https:\/\/bonsolis.cat\/wp-content\/uploads\/2024\/08\/bonsolis.svg","width":250,"height":90,"caption":"bonsolis"},"image":{"@id":"https:\/\/bonsolis.cat\/fr\/#\/schema\/logo\/image\/"}}]}},"_links":{"self":[{"href":"https:\/\/bonsolis.cat\/fr\/wp-json\/wp\/v2\/product\/14834","targetHints":{"allow":["GET"]}}],"collection":[{"href":"https:\/\/bonsolis.cat\/fr\/wp-json\/wp\/v2\/product"}],"about":[{"href":"https:\/\/bonsolis.cat\/fr\/wp-json\/wp\/v2\/types\/product"}],"replies":[{"embeddable":true,"href":"https:\/\/bonsolis.cat\/fr\/wp-json\/wp\/v2\/comments?post=14834"}],"version-history":[{"count":4,"href":"https:\/\/bonsolis.cat\/fr\/wp-json\/wp\/v2\/product\/14834\/revisions"}],"predecessor-version":[{"id":15844,"href":"https:\/\/bonsolis.cat\/fr\/wp-json\/wp\/v2\/product\/14834\/revisions\/15844"}],"wp:featuredmedia":[{"embeddable":true,"href":"https:\/\/bonsolis.cat\/fr\/wp-json\/wp\/v2\/media\/14835"}],"wp:attachment":[{"href":"https:\/\/bonsolis.cat\/fr\/wp-json\/wp\/v2\/media?parent=14834"}],"wp:term":[{"taxonomy":"product_brand","embeddable":true,"href":"https:\/\/bonsolis.cat\/fr\/wp-json\/wp\/v2\/product_brand?post=14834"},{"taxonomy":"product_cat","embeddable":true,"href":"https:\/\/bonsolis.cat\/fr\/wp-json\/wp\/v2\/product_cat?post=14834"},{"taxonomy":"product_tag","embeddable":true,"href":"https:\/\/bonsolis.cat\/fr\/wp-json\/wp\/v2\/product_tag?post=14834"}],"curies":[{"name":"wp","href":"https:\/\/api.w.org\/{rel}","templated":true}]}}

Pâté de tapenade d&#8217;olives EMPELTRE MAS DELS CASTELLANS

<p class="ai-optimize-14 ai-optimize-introduction">Chez Bons Olis à Barcelona, retrouvez le Pâté de tapenade d&#8217;olives EMPELTRE MAS DELS CASTELLANS Calaceite &#8211; Teruel &#8211; Aragón Bocal en verre 150g</p>

<!-- This site is optimized with the Yoast SEO Premium plugin v25.2 (Yoast SEO v28.2) - https://yoast.com/product/yoast-seo-premium-wordpress/ -->
<title>Pâté de tapenade d&#039;olives EMPELTRE MAS DELS CASTELLANS - bonsolis</title>
<meta name="description" content="Chez【 Bons Olis 】à Barcelona, retrouvez en ligne du pâté de tapenade d&#039;olives noires prime ➡️ Découvrez notre pâté d&#039;olives du Matarraña, Calaceite, Aragón." />
<meta name="robots" content="index, follow, max-snippet:-1, max-image-preview:large, max-video-preview:-1" />
<link rel="canonical" href="https://bonsolis.cat/fr/producto/pate-de-tapenade-dolives-empeltre-mas-dels-castellans/" />
<meta property="og:locale" content="fr_FR" />
<meta property="og:type" content="article" />
<meta property="og:title" content="Pâté de tapenade d&#039;olives EMPELTRE MAS DELS CASTELLANS" />
<meta property="og:description" content="Chez【 Bons Olis 】à Barcelona, retrouvez en ligne du pâté de tapenade d&#039;olives noires prime ➡️ Découvrez notre pâté d&#039;olives du Matarraña, Calaceite, Aragón." />
<meta property="og:url" content="https://bonsolis.cat/fr/producto/pate-de-tapenade-dolives-empeltre-mas-dels-castellans/" />
<meta property="og:site_name" content="bonsolis" />
<meta property="article:modified_time" content="2026-07-15T16:56:51+00:00" />
<meta property="og:image" content="https://bonsolis.cat/wp-content/uploads/2024/09/Pate-negro-de-EMPELTRE.jpg" />
	<meta property="og:image:width" content="1500" />
	<meta property="og:image:height" content="1500" />
	<meta property="og:image:type" content="image/jpeg" />
<meta name="twitter:card" content="summary_large_image" />
<meta name="twitter:label1" content="Durée de lecture estimée" />
	<meta name="twitter:data1" content="1 minute" />
<!-- / Yoast SEO Premium plugin. -->

Pâté de tapenade d'olives EMPELTRE MAS DELS CASTELLANS - bonsolis

Chez【 Bons Olis 】à Barcelona, retrouvez en ligne du pâté de tapenade d'olives noires prime ➡️ Découvrez notre pâté d'olives du Matarraña, Calaceite, Aragón.

Pâté de tapenade d'olives EMPELTRE MAS DELS CASTELLANS

Pâté de tapenade d'olives noires EMPELTRE MAS DELS CASTELLANS Calaceite Aragón Bons Olis
